 i*(-111)/3 + -4 + 5 is divided by 14.
10
Let m be ((-1)/(-3))/((-2)/(-78)). Suppose 3*f + 0 = 30. Calculate the remainder when 5*(3 + m/5) is divided by f.
8
Let q = -1257 - -1330. Let k(z) = z**2 + z - 1. Calculate the remainder when q is divided by k(-5).
16
Let w = -114 + 164. Let i = -46 + w. Suppose -m + 3 = 1. Calculate the remainder when i is divided by m.
0
Let k(m) = -3*m + 2. Let d be k(-5). Let u = d - 14. Suppose 4*s + s = 4*t - 108, 3*t - 108 = -u*s. What is the remainder when 61 is divided by t?
29
Let d(h) = 4*h - 11 + 3*h - 4*h. Suppose -3*o + 207 = -3*g + 6*g, -2*g + 6 = 0. What is the remainder when o is divided by d(15)?
32
Suppose -4*a - a + 135 = 0. Suppose -v + 13 = -0. Let g = 27 - v. What is the remainder when a is divided by g?
13
Suppose -l + 3*l - 58 = 0. Suppose 6 = -2*u - 2*k, -u + 2*k + 3 = 5*k. Let m(t) = -t**3 - 7*t**2 - 10*t - 8. What is the remainder when l is divided by m(u)?
13
Suppose 48*w - 30 = 46*w - 3*a, 0 = 3*a. What is the remainder when 357 is divided by w?
12
Suppose 7*d - 5*n + 184 = 10*d, 2*n - 4 = 0. Calculate the remainder when 347 is divided by d.
57
Let s = 90 - 86. Suppose -s*t - 91 = -259. Calculate the remainder when t is divided by 17.
8
Let p = -58 + 68. Let q(g) = g - 1. What is the remainder when 5/((-5)/(-36)) + -1 is divided by q(p)?
8
Suppose -4*s + 2856 = 4*p, -5*p + 3598 = -44*s + 42*s. What is the remainder when p is divided by 40?
38
Suppose -3*c + 5*s + 1642 = 0, 5*c + 24*s - 26*s = 2724. What is the remainder when c is divided by 76?
12
Let i be (85/(-10))/((-2)/4). Let b = i + -13. Suppose -4*o + 6*y + 230 = y, 222 = b*o - y. Calculate the remainder when o is divided by 28.
27
Let t(o) = -2*o**2 + 64*o - 202. Calculate the remainder when 228 is divided by t(28).
8
Calculate the remainder when 139 is divided by ((-3)/(-3))/((-18)/126)*-7.
41
Let k(c) = -c**3 - 18*c**2 - 19*c - 5. Let w = -214 + 85. What is the remainder when -1*-4*w/(-6) is divided by k(-17)?
28
Suppose 334 = -9*z + 982. Let s = z - 57. Calculate the remainder when 19 is divided by s.
4
Let c(h) = -h**2 - 14*h - 3. Suppose 6*q = 10*q + 44. Calculate the remainder when 56 is divided by c(q).
26
Suppose -205 = -44*h + 2*h + h. Let k(w) = w + 7. What is the remainder when h is divided by k(-5)?
1
Let o(i) = 20*i**2 - 2*i - 1. Let j(u) = -u**3 + 62*u**2 + 131*u - 109. What is the remainder when j(64) is divided by o(-1)?
20
Calculate the remainder when 1594 is divided by (7/(-2) - -3) + 69/6.
10
Let w be ((-80)/(-60))/((-1)/(-6)). Suppose -138 - 382 = -w*z. Calculate the remainder when z is divided by 34.
31
Suppose 3*a - 4*i = 273, -22*a - 364 = -26*a + i. Calculate the remainder when a is divided by 4.
3
Let n(w) = 27*w - 27. Calculate the remainder when 74 is divided by n(2).
20
Let i(z) = -76*z + 327. What is the remainder when 43 is divided by i(4)?
20
What is the remainder when (-15230)/(-70) - 40/70 is divided by 49?
21
Suppose 50 = -5*u + h, 0 = -2*u - u + h - 30. Let n(s) = 2*s**2 + 10*s - 23. Calculate the remainder when n(u) is divided by 16.
13
Let o(x) = -5*x + 2. Let y be o(5). Let u = y - -64. Let m = -8 - -22. Calculate the remainder when u is divided by m.
13
Let x = -1793 + 1846. What is the remainder when 538 is divided by x?
8
What is the remainder when 23 + 16/(-4) + 8 is divided by 4 + -1 - (-22)/2?
13
Suppose -3*g + 165 = 4*l + 55, 0 = 2*g + 5*l - 64. Let m be (-4 - -2) + -3 + 5. Suppose -p + 11 = -m*p. Calculate the remainder when g is divided by p.
9
What is the remainder when 228 is divided by 8/((-72)/15) + 292/6?
40
Calculate the remainder when 158 is divided by (-1 + 73)*-1*6/(-8).
50
Let s = -208 - -217. Calculate the remainder when 43 is divided by s.
7
Let h(t) = 2*t - 4. What is the remainder when (1 + 0)*(-4 + -2 + 53) is divided by h(6)?
7
Suppose 0 = -4*j + 2*h + 648, -2*h = -4*j - 5*h + 638. Calculate the remainder when j is divided by 15.
11
Calculate the remainder when 1479/27 - ((-4)/(-18))/(-1) is divided by 21.
13
Suppose 5 = 4*p - 99. Suppose -881*l = -857*l - 144. Calculate the remainder when p is divided by l.
2
Let g(a) = 4*a + 36. Calculate the remainder when 61 is divided by g(-5).
13
Let h be 60/9*(-9)/(-2). Let n = -92 - -102. Suppose k - h + n = 0. Calculate the remainder when 37 is divided by k.
17
Suppose -5 - 3 = -2*x. Let c = 21 - 19. Suppose c*y - 1 = -3*m - 6, -3*m = -5*y + 40. Calculate the remainder when y is divided by x.
1
Let r(t) = 42*t**2 + t + 4. Suppose 2*d + d = 105. What is the remainder when r(2) is divided by d?
34
Suppose -2 - 4 = -3*y. Let x(a) = -2 + a - y*a**2 - 13*a + 3*a**2 + 0. What is the remainder when x(15) is divided by 15?
13
Let j(m) = m**3 - m**2 - m. Let r be j(2). Let q be r/(-4 + 3) + 2. Suppose q = 4*w - 46 + 10. What is the remainder when 16 is divided by w?
7
Suppose 0 = -3*b + 260 + 100. What is the remainder when b is divided by 25?
20
Let s be 65/26*(-8)/(-10). Suppose -s = -t - 4*z + 4, -1 = -t - 5*z. Calculate the remainder when 102 is divided by t.
24
Let f = -1100 + 1197. Calculate the remainder when 302 is divided by f.
11
Let r be (-2)/(-9) - (-32)/18. Suppose -r*j = -4*j + 2. Calculate the remainder when 48 is divided by (-2)/(4/(-34)*j).
14
What is the remainder when (-115)/92 + (-5186)/(-8) is divided by 59?
57
Suppose 0 = -r + 5*r - 104. Suppose s + 2*s = 9, 5*l + 2*s = r. Calculate the remainder when 4 is divided by l.
0
Let d = 9 + 7. Suppose 0 = 4*j - 20, 0*r - 294 = -2*r - 2*j. What is the remainder when r is divided by d?
14
Calculate the remainder when 48 is divided by 4/(-1 + 5)*11.
4
Let n be 5 - 6/(2/1). Calculate the remainder when 4/(-6)*66*-1 is divided by (-595)/(-40) - n/(-16).
14
Let j be (-128)/(-9) + (-10)/45. Suppose -j*y + 19*y = 0. What is the remainder when 25 is divided by -1 + (14 - (y + 0))?
12
Let o(h) = -23*h**3 - 16*h**2 + 22*h**3 - 18*h - h - 15. What is the remainder when o(-15) is divided by 16?
13
Let n(o) = -o**3 + 11*o**2 + 5*o - 17. Calculate the remainder when n(11) is divided by 20.
18
Let r be (-42)/(-8) + 2/16*-2. Suppose 2*n + r*c = 23, 4*n - 3*c = -8*c + 31. What is the remainder when n is divided by 3?
1
Let g(j) = j**3 + 8*j**2 + 6*j + 9. Let p be g(-7). Let w = -9 - -14. Suppose 4*y = w*y - p. Calculate the remainder when 46 is divided by y.
14
Let m = -74 + 433. Let y = -248 + m. What is the remainder when y is divided by 19?
16
Let j = -22 + 39. What is the remainder when j*(2 - -1 - -1) is divided by 18?
14
Suppose 7*k + 0*k = 350. Calculate the remainder when k is divided by 13.
11
Let h be ((-60)/48)/((-1 - 0)/4). Suppose -o = 3 - 5, h*y + 5*o - 615 = 0. What is the remainder when y is divided by 25?
21
Suppose -285 = w - 20*w. Calculate the remainder when 237 is divided by w.
12
Suppose -5656 = -17*u - 11*u. Calculate the remainder when u is divided by 63.
13
Let k(s) = -s - 8. Let j be k(18). Let i = j - -27. Suppose -i = 3*m - 106. Calculate the remainder when m is divided by 19.
16
Suppose 5*v = 5*o + 475, o = -0*v - 4*v + 400. Let s = -304 + 324. What is the remainder when v is divided by s?
19
Let p(z) = -13*z - 79. Calculate the remainder when 47 is divided by p(-8).
22
Let z(o) = 16*o + 61. Calculate the remainder when 85 is divided by z(-2).
27
Suppose 4*t = 3*d + 952, -3*t = 3*d - 79 - 635. Calculate the remainder when t is divided by 48.
46
Let k = 1190 - 1187. What is the remainder when 48 is divided by k?
0
Calculate the remainder when (21/14)/((-2)/(-188)) is divided by (2064/(-215))/(3/(-5)).
13
Let v = -98 + 118. Suppose -15*g + v*g = 230. What is the remainder when 88 is divided by g?
42
Suppose 2 = -7*j + 8*j, -5*t = 3*j - 141. Calculate the remainder when t is divided by 17.
10
Suppose 22*s - 5*l = 23*s - 474, 0 = 2*s - 5*l - 903. Calculate the remainder when s is divided by 33.
30
Let m = 17 + -21. Let l(w) = 2*w**2 + w - 3. Calculate the remainder when l(3) is divided by (-8 + 6)*10/m.
3
Calculate the remainder when 121 is divided by (15/(-9))/(35/(-378)).
13
Let h = -39 - -46. Let g(c) be the first derivative of c**2/2 + 7*c - 2. Calculate the remainder when h is divided by g(-5).
1
Suppose 2*x = 8, -k = 2*k + x - 88. Let y(v) be the first derivative of -13*v**2/2 + 3*v - 1. Calculate the remainder when y(-6) is divided by k.
25
Suppose -2